 + 11272*o - 67678. Give g(6).
206
Let k(w) = -w**3 - 310*w**2 - 3572*w + 23. Determine k(-12).
-25
Let g(r) = 7*r**2 - 797*r + 8898. Calculate g(11).
978
Let l(u) = u**3 + 1449*u**2 - 13153*u + 23. Give l(9).
-256
Let f(w) = 3*w**3 - 8063*w**2 + 72325*w - 13. Determine f(9).
-4
Let n(q) = -71*q + 11493. What is n(159)?
204
Let l(f) = 114*f - 562. Calculate l(9).
464
Let k(f) = 6672*f + 914091. Give k(-137).
27
Let c(o) = -70*o + 12522. What is c(155)?
1672
Let s(y) = -4006*y - 977660. Determine s(-244).
-196
Let q(f) = -90*f**3 + 34*f**2 - 11*f + 6. Calculate q(-2).
884
Let o(r) = -2191*r - 21894. What is o(-10)?
16
Let w(t) = -316341*t - 632687. Calculate w(-2).
-5
Let r(f) = -2*f**3 + 54*f**2 + 34*f - 68. Calculate r(26).
2168
Let t(u) = -3*u**3 + 30*u**2 - 856*u + 826. Give t(1).
-3
Let i(s) = -s**3 - 18*s**2 + 200*s + 64. Give i(8).
0
Let s(k) = 2887*k + 14432. Calculate s(-5).
-3
Let i(w) = 6*w**2 - 1459*w - 11987. Calculate i(251).
-190
Let h(f) = -14*f**2 + 873*f + 212. Give h(65).
-2193
Let d(h) = 56*h**3 + 19*h**2 - 43*h + 111. Determine d(3).
1665
Let y(l) = -2187877*l - 4375741. What is y(-2)?
13
Let i(m) = -m**3 + 124*m**2 + 733*m - 44697. Give i(127).
7
Let c(w) = 310264*w - 40644592. Give c(131).
-8
Let w(f) = -f**2 - 124*f + 39475. Give w(-270).
55
Let u(g) = 1936*g + 509178. What is u(-263)?
10
Let g(y) = -y**3 + 39*y**2 + 85*y + 139. Give g(41).
262
Let n(q) = 17*q**2 - 1384*q - 5. Give n(0).
-5
Let q(v) = -4055*v + 93191. Give q(23).
-74
Let n(u) = 10*u**2 - 257*u - 52. Give n(26).
26
Let s(d) = d**2 - 204*d + 5530. Determine s(30).
310
Let b(w) = 4*w**2 - 182*w - 260598. Determine b(279).
-12
Let a(u) = -380*u**2 - 4141*u + 439. What is a(-11)?
10
Let q(w) = -3*w**2 - 307*w - 2352. Determine q(-88).
1432
Let j(i) = -2*i**3 - 4*i**2 + 31*i + 344. Give j(6).
-46
Let m(f) = f**2 + 13569*f + 1720438. What is m(-128)?
-10
Let z(p) = 4*p**2 + 209*p - 3826. Calculate z(-67).
127
Let a(n) = -2*n**3 + 9*n**2 + 295*n + 22. Give a(15).
-278
Let j(b) = 36*b**2 - 3581*b - 3603. Calculate j(-1).
14
Let d(t) = 18*t**2 + 6915*t - 48077. Determine d(-391).
16
Let w(i) = -19*i**2 + 666*i - 1280. What is w(33)?
7
Let m(t) = t**3 + t**2 - 46*t - 531. Calculate m(0).
-531
Let v(l) = l**3 + 65*l**2 - 287*l - 2261. Calculate v(-69).
-1502
Let r(a) = -a**2 - 94*a + 43923. What is r(167)?
336
Let t(o) = -11*o**3 + 6*o**2 - 579*o + 1. Calculate t(0).
1
Let i(k) = 24201*k - 265051. Calculate i(11).
1160
Let d(k) = -k**2 - 5599*k + 236943. Give d(42).
21
Let j(q) = -32*q**2 - 477*q + 176. Give j(-18).
-1606
Let i(d) = -2*d**3 + 214*d**2 + 16409*d - 46301. Calculate i(158).
-7
Let d(x) = x**3 + 176*x**2 - 172*x + 601. What is d(-177)?
-284
Let j(y) = 55936*y - 167802. What is j(3)?
6
Let r(a) = a**2 - 11840*a - 379887. Determine r(-32).
17
Let n(u) = -24965*u**2 + 274615*u - 14. Give n(11).
-14
Let u(v) = 1892*v**2 + 29972*v - 4799. What is u(-16)?
1
Let m(j) = -2*j**3 + 66*j**2 - 28*j + 926. Give m(33).
2
Let k(u) = -u**2 + 607*u + 53441. What is k(-78)?
11
Let w(f) = 22*f**2 + 75938*f + 227610. Calculate w(-3).
-6
Let y(p) = -2171*p + 279895. Determine y(129).
-164
Let o(d) = 65*d**2 - 782*d + 64. What is o(12)?
40
Let r(l) = -498*l**2 + 26908*l - 858. What is r(54)?
6
Let k(z) = -1110*z**2 - 54391*z - 44. Determine k(-49).
5
Let p(x) = -138*x + 51293. What is p(371)?
95
Let b(n) = 30*n**3 - 165*n**2 + 233*n - 25. Determine b(3).
-1
Let t(i) = 2809*i + 75810. Calculate t(-27).
-33
Let h(v) = -1469*v - 10669. Calculate h(-8).
1083
Let s(g) = 4*g**3 + 86*g**2 + 92*g - 171. Calculate s(-19).
1691
Let k(i) = -i**3 - 15*i**2 + 420*i - 302. What is k(17)?
-2410
Let l(q) = -5*q + 427. Determine l(90).
-23
Let x(s) = s**3 + 5*s**2 - 43*s - 389. What is x(-9)?
-326
Let h(j) = -17*j**3 - 607*j**2 + 135*j - 1619. Give h(-36).
1
Let c(g) = -31570*g - 11838753. Calculate c(-375).
-3
Let w(a) = 857*a**2 + 2561*a - 28. Determine w(-3).
2
Let p(d) = -d**3 - 677*d**2 + 8630*d - 234598. Give p(-690).
2
Let a(t) = t**3 - 20*t**2 - 41*t - 1264. What is a(22)?
-1198
Let d(k) = -3*k**2 + 7273*k - 94037. Give d(13).
5
Let n(d) = -31*d**3 + 280*d**2 - 419*d + 3708. Determine n(9).
18
Let v(d) = -97*d**2 - 6015*d - 174. Determine v(-62).
-112
Let m(x) = 90*x - 2117. Calculate m(15).
-767
Let o(y) = 4*y**3 - 77*y**2 - 90*y + 2056. Determine o(19).
-15
Let i(v) = -2*v**3 - 105*v**2 - 140*v - 4567. Determine i(-52).
9
Let j(d) = -10*d**3 - 711*d**2 - 75*d + 57. Determine j(-71).
341
Let f(h) = h**3 - 36*h**2 + 333*h - 12. What is f(26)?
1886
Let q(h) = -h**3 + 287*h**2 + 3891*h - 106. Calculate q(-13).
11
Let k(w) = -w**3 - 37*w**2 + 822*w + 52. Determine k(15).
682
Let p(l) = -5*l**2 - 64*l - 190. Calculate p(-5).
5
Let h(i) = -i**2 + 49*i - 1574. What is h(60)?
-2234
Let b(h) = 7*h**2 + 4956*h - 19836. Give b(4).
100
Let j(m) = -4*m**2 + 177*m + 5396. What is j(65)?
1
Let k(z) = z**2 - 1192*z - 91010. Give k(-72).
-2
Let u(g) = 2*g**3 - 8*g**2 - 2800*g + 11195. Give u(4).
-5
Let w(p) = 122*p**2 - 1012*p - 1137. Determine w(-1).
-3
Let d(r) = 1179*r**3 + 15*r**2 - 24*r + 8. Determine d(1).
1178
Let n(c) = 153580*c + 1689367. Determine n(-11).
-13
Let j(q) = -18*q**3 + 82*q**2 + 212*q - 1012. Give j(4).
-4
Let p(d) = -3255*d + 55248. Give p(17).
-87
Let g(x) = 6149*x + 926. Calculate g(0).
926
Let j(d) = -34*d**2 - 1669*d + 391. Give j(-49).
538
Let f(p) = 175*p + 19342. Determine f(-96).
2542
Let o(i) = -240*i**2 - 103*i - 56. What is o(0)?
-56
Let f(w) = 1513*w + 69417. Give f(-46).
-181
Let c(w) = 3*w**2 - 111827*w + 559055. What is c(5)?
-5
Let j(g) = -g**3 + 9*g**2 + 388*g - 2124. What is j(5)?
-84
Let g(c) = c**2 + 119*c - 11953. What is g(65)?
7
Let r(a) = 7732*a + 695885. What is r(-90)?
5
Let i(r) = 3*r**2 - 171*r + 98. Determine i(29).
-2338
Let y(g) = 3*g**3 + 46*g**2 + 8*g + 41. Determine y(-14).
713
Let x(y) = -11*y**2 + 817*y + 3390. Determine x(78).
192
Let h(n) = 360278*n - 2521954. What is h(7)?
-8
Let b(k) = 33200*k + 2257527. Give b(-68).
-73
Let b(c) = -29*c**3 - 31*c**2 + 16*c - 30. Calculate b(2).
-354
Let o(m) = -2*m**3 + 30*m**2 + 86*m - 75. What is o(17)?
231
Let g(f) = 4754*f + 946140. Calculate g(-199).
94
Let g(c) = -382*c**2 + c + 9. What is g(-1)?
-374
Let u(r) = r**3 + 11*r**2 + 611*r + 5564. Determine u(-10).
-446
Let w(i) = -3950*i + 2808451. What is w(711)?
1
Let a(d) = 2*d**2 + 221*d + 6235. What is a(-48)?
235
Let k(i) = 3*i**2 + 555*i - 2835. Determine k(5).
15
Let f(r) = 28*r**2 - 26*r + 39. What is f(1)?
41
Let t(k) = 2*k**3 + 4*k**2 + 39*k + 702. What is t(-7)?
-61
Let g(a) = -5*a**2 + 63*a + 999. Give g(23).
-197
Let v(o) = 1321*o - 13805. Determine v(11).
726
Let q(n) = 2*n**2 - 2584*n + 281308. Give q(120).
28
Let d(k) = k**2 - 3409*k + 2022700. Determine d(765).
40
Let n(u) = 958*u - 1997. Calculate n(1).
-1039
Let y(s) = -s**3 - 135*s**2 + 286*s + 37. Determine y(-137).
-1607
Let z(k) = 180*k**2 - 217*k + 181. What is z(4)?
2193
Let d(l) = -27*l**2 + 39*l + 407. Determine d(5).
-73
Let m(r) = -1991*r + 28111. Give m(14).
237
Let d(f) = -6*f + 799. Determine d(-21).
925
Let a(b) = 67071*b - 9322871. Calculate a(139).
-2
Let m(v) = -v**3 - 10*v**2 + 960*v + 11237. Determine m(-12).
5
Let t(c) = -c**2 - 875147*c - 9626499. Determine t(-11).
-3
Let o(x) = -137*x + 20864. Give o(145).
999
Let d(r) = -r**3 - 32*r**2 - 226*r - 7280. Determine d(-34).
2716
Let n(h) = h**3 - 51*h**2 - 10480*h - 16. Give n(-80).
-16
Let r(p) = p**3 + 89*p**2 + 1441*p - 107. What is r(-19)?
-2216
Let s(j) = j**2 + 221*j + 4904. What is s(-25)?
4
Let o(c) = -c**3 - 12*c**2 + 202*c + 1355. Calculate o(-19).
44
Let p(c) = -2*c**2 - 40*c + 32043. Determine p(-137).
-15
Let f(h) = h**3 - 32*h**2 - 9374*h + 54. What is f(-82)?
2186
Let o(u) = -66*u**2 - 12715*u + 4470. What is o(-193)?
31
Let f(k) = k**2 + 94*k + 688. Calculate f(-89).
243
Let n(z) = -2771*z + 257702. What is n(93)?
-1
Let l(t) = 202*t - 42303. Calculate l(209).
-85
Let u(f) = 5*f**3 - 461*f**2 + 3757*f - 27. Determine u(9).
90
Let o(h) = -2221*h - 75503. Give o(-34).
11
Let t(x) = -475*x**2 - 1616*x - 301. What is t(-3)?
272
Let r(o) = -859684*o + 7737164. Determine r(9).
8
Let c(b) = -3*b**2 - 190*b - 3851. What is c(-25)?
-976
Let p(g) = 8976*g + 987294. Calculate p(-110).
-66
Let u(s) = 7*s*